mon factor of 648 and v?
24
Suppose -h + 25 = -6*h - 5*f, 4*h + 5*f + 19 = 0. Let g be (4/(3 - 4))/(h/24). Calculate the greatest common divisor of g and 2.
2
Let c be (-1784)/18*414/(-1104)*66. What is the highest common factor of 3345 and c?
223
Let v = 4289 + -3873. Calculate the greatest common factor of 112 and v.
16
Let b be -1 + (-12)/(1 - 3). Suppose 2*v - 5 = -2*y + 3, 0 = 2*y + b*v - 8. Let m = -6 + 14. Calculate the highest common divisor of y and m.
4
Let y be -4 + (60/5)/3. Suppose y = -w + 118 - 47. Suppose -4*g = 3*u - 84, -5*g - 3*u = -w - 34. Calculate the highest common factor of g and 35.
7
Let f = -28779 - -29148. What is the greatest common divisor of f and 5412?
123
Suppose -19*i + 23535 = -14*i. Let g be i/63 + (-4)/(-14). Suppose -j - 3 = -g. What is the highest common factor of j and 24?
24
Suppose -15*o = -19*o + 1740. Let c = -179 + o. Calculate the greatest common factor of 48 and c.
16
Let p be -5 + 3 + (364 - 32). Let b(i) = -2*i + 44. Let n be b(0). What is the greatest common divisor of p and n?
22
Let y(r) = -26*r**2 + 0*r**3 - 24*r**2 + 43*r**2 - 4 - r - r**3. Let f be y(-4). Let q = f + 52. What is the highest common factor of 44 and q?
4
Let i be (-1035)/(-21) - 2/7. Let m be -2 + (-8)/(48/30). Let v be 2 - (1 + 7/(m/6)). Calculate the greatest common divisor of i and v.
7
Suppose 3*f - 4*f = -55. Let b(m) = m**3 - 20*m**2 + 36*m - 53. Let r be b(20). Let h = -662 + r. Calculate the highest common factor of h and f.
5
Let i(a) = 2*a**2 - 40*a - 13. Let n be 21/(-9)*(-4 - 25/5). Let k be i(n). Calculate the greatest common divisor of 58 and k.
29
Let g be (-6)/(-8) - 6181/28 - -5. Let b = g - -266. Calculate the greatest common divisor of 85 and b.
17
Let m be 30/((-65)/10 + 5). Let g be (1 + 3)/(m/410). Let d = -54 - g. Calculate the highest common divisor of d and 28.
28
Suppose 129980 = 189*u + 18*u - 14092. What is the greatest common factor of u and 986?
58
Let r(w) = 1033*w**2 + 3*w - 1. Let n be r(-1). Let x = n + -894. Let m = -1 - -16. Calculate the highest common factor of x and m.
15
Let m = 94 + -75. Calculate the greatest common divisor of m and 532.
19
Let c(z) = -z**3 + z**2 + 10. Let t = 112 + -112. Let o be c(t). Suppose o*v - 6*v = 56. Calculate the greatest common factor of v and 49.
7
Let i = -5868 + 5979. Calculate the highest common factor of 3219 and i.
111
Let m = 2578 + -2521. Calculate the highest common divisor of 5073 and m.
57
Let b be 2/18*1 - (-5088)/864 - -16. Let n = -115 - -71. Let a be (1 - -2)*n/(-2). Calculate the highest common divisor of b and a.
22
Let a = 12 + -23. Suppose 3*g - 29 + 17 = 0, z + 4*g = 58. Let i be (-5)/(a + -4)*z. Calculate the highest common factor of i and 4.
2
Suppose -9 = 3*x + 2*n + 15, 5*x + 3*n = -40. Let c be (-2)/(x/12) + 96. Let f be (22/(-8))/((-4)/16). What is the highest common divisor of c and f?
11
Let g be 6 + -9 + (-2 - -147). Let s = -68 + g. Let v = -71 + s. Calculate the highest common divisor of v and 39.
3
Let q = 28 + 14. Let k = q + -40. Let f be (k/3)/((-236)/(-117) - 2). What is the greatest common factor of 26 and f?
13
Suppose 444 = 3*h - 4*j - 1469, 0 = 2*j + 16. Calculate the greatest common divisor of h and 114.
57
Let r be -1 + (-2)/(-8) + (-92598)/(-488). What is the highest common factor of 783 and r?
27
Let t(k) = k**3 + 2*k**2 - 10*k + 25. Let i be t(4). What is the highest common factor of i and 6?
3
Suppose -205*h + 207*h - 5*n - 128 = 0, -3*n = 6. Calculate the highest common factor of 1593 and h.
59
Let q(g) = -g**3 + 2*g**2 + 5*g + 4. Let i be q(-2). Let s = 352 - 256. Suppose i*v = 124 + s. Calculate the highest common divisor of v and 198.
22
Let c(s) = s + 4. Let h be c(0). Let k(n) = 3*n**2 - 4*n + 8. Let u be k(h). Suppose 7*p = 12*p - u. Calculate the greatest common divisor of 56 and p.
8
Let u = 1365 + -205. Suppose -5*v = 2*i - 1130, -4*v - v = -4*i - u. Calculate the highest common divisor of v and 95.
19
Let h(v) = 3*v**2 + 24*v - 1557. Let k be h(22). Let z be (-1*9)/(-1 - 0). Calculate the greatest common divisor of k and z.
9
Suppose 0 = -5*h + 375 - 35. Suppose 0 = 70*q - h*q - 180. Let m = -1 - -46. What is the greatest common divisor of q and m?
45
Let q(m) = -7*m + 196. Let v be q(-16). Calculate the highest common factor of v and 77.
77
Let y = -49 + 221. Let z = y + 134. Calculate the highest common divisor of z and 9.
9
Let f be 1517/7 + ((-296)/(-56) - 5). Suppose n = -5*p - 4 + 56, 0 = -n - p + 60. Calculate the greatest common divisor of f and n.
31
Suppose 0 = 4*n - 5 - 3, 0 = -j + 5*n + 52. Let o = 64 - j. Suppose 2*z + 3*z = -o*q - 15, -35 = -3*q + 4*z. Calculate the highest common factor of 2 and q.
1
Let n be 18555/285 - 4/38. Let a = -32 + n. Let h(z) = z**3 + 10*z**2 + 15*z - 5. Let k be h(-8). Calculate the greatest common divisor of k and a.
3
Let k(f) = -4*f**3 - 43*f**3 - 2*f**2 + 5 + 26*f**3. Let g be k(-2). What is the greatest common factor of g and 132?
33
Suppose 0*a + 5*a + 20 = 0, 4*a = 4*d - 176. Let h(x) = -931*x - 18260. Let f be h(-20). What is the greatest common factor of f and d?
40
Suppose 2*x - 5*x = 0. Suppose 5*q + 5 - 180 = x. Suppose -5*l = -z + 35, z + q = 3*z - 3*l. What is the greatest common factor of z and 25?
5
Let l = -434 + 436. Let z = 477 + -383. Calculate the highest common factor of l and z.
2
Let p = 178 - 170. Suppose -11 = p*v - 291. Calculate the greatest common divisor of 455 and v.
35
Let h(o) = 319*o**3 + 23*o**2 - 35*o + 1. Let a be h(2). What is the greatest common divisor of a and 200?
25
Let d = 9301 + -7225. Calculate the highest common factor of d and 36.
12
Let o be (-8)/(-6) + (-2)/6. Suppose 0 = 400*c - 413*c + 26. Suppose -9 + o = -c*r. What is the greatest common factor of 6 and r?
2
Suppose -582*o + 3*a = -578*o - 648, 2*o - 4*a - 314 = 0. What is the highest common divisor of o and 185?
5
Suppose 0*u = -u + 2*s + 26, -4*s = 3*u - 48. Suppose 4*a + 0*a + 2*q - 36 = 0, -4*a + u = -2*q. Calculate the greatest common divisor of 7 and a.
7
Let u be 15/10*(-272)/(-12). Let v = 781 - 509. What is the greatest common factor of v and u?
34
Let m = 10221 - 9423. Calculate the greatest common factor of m and 456.
114
Let w = -578 - -626. Calculate the highest common factor of w and 98.
2
Let m = -513 - -513. Suppose -6*n + 355 - 301 = m. Calculate the highest common divisor of 45 and n.
9
Let q = 34 + -29. Suppose 3*x + x - 52 = -i, -x - 8 = -q*i. Let n be ((-45)/6)/((x/3)/(-24)). What is the greatest common factor of 18 and n?
9
Suppose 8*w = 5*w + 120. Suppose 0 = -4*h + 2*u + 192, -5*h + 85 = 3*u - 155. Suppose 19*n = 25*n - h. What is the highest common factor of w and n?
8
Suppose -76*h - 368 + 1584 = 0. Let p(k) = k**2 + 6*k + 1. Let a be p(-8). Let z(n) = n - 15. Let x be z(a). What is the highest common factor of x and h?
2
Let z(d) = -3*d**2 - 23*d - 8. Suppose 2*l - 31 = 4*p + 7*l, -15 = 2*p + 3*l. Let v be z(p). Let w = v - -49. What is the greatest common divisor of 25 and w?
5
Let c(b) = -b**2 + 5*b + 5. Let t be c(4). Let k = t + 1. Suppose -14*i = 21*i - 981 - 69. Calculate the highest common divisor of i and k.
10
Let c(j) be the first derivative of -19*j**2/2 + 155*j - 131. Let v be c(6). Let x be ((-8)/(-6))/((-3)/(-369)). Calculate the highest common factor of x and v.
41
Let h = -21 + 61. Let g = -39 + h. Let w be 61 + 0 + g + -2. Calculate the highest common divisor of 40 and w.
20
Suppose -26*j - 8*j = -245072. Calculate the highest common factor of j and 34.
34
Suppose 2*z + 3*a - 2*a = 316, z = 2*a + 168. Suppose h + 180 = 3*g, -9*h + 10*h - 180 = -3*g. What is the greatest common divisor of g and z?
20
Let y be (80/(-50))/((-1)/10). Suppose 65 = -11*k + y*k. Let s be (-12)/21 - 1302/(-49). What is the greatest common factor of s and k?
13
Suppose -17*u + 15*u + 4 = 0. Suppose 152 = -u*y - 2*y. Let z = 74 + y. What is the greatest common factor of z and 12?
12
Let q be (5 - 2)/3 + (254 - 23). Calculate the greatest common factor of 6612 and q.
116
Suppose 154*c - 424*c = -30510. What is the highest common divisor of 62941 and c?
113
Let t(m) = -2*m**2 - 17*m + 20. Let x = 246 + -254. Let d be t(x). Calculate the greatest common factor of 60 and d.
4
Let c be (-4)/6 + 264/99. Suppose -24*q = -c*q - 308. Calcul